t common factor of 2360 and 20?
20
Calculate the greatest common factor of 272 and 96.
16
Calculate the highest common factor of 105 and 145.
5
Calculate the highest common divisor of 88 and 352.
88
What is the highest common divisor of 528 and 165?
33
What is the highest common factor of 70392 and 21?
21
What is the greatest common divisor of 74 and 6?
2
Calculate the highest common factor of 2 and 863.
1
Calculate the highest common factor of 75 and 10425.
75
Calculate the highest common divisor of 82 and 205.
41
What is the greatest common factor of 45 and 8145?
45
Calculate the greatest common factor of 25248 and 192.
96
Calculate the highest common factor of 85 and 357.
17
Calculate the greatest common factor of 5320 and 20.
20
Calculate the greatest common factor of 232 and 6.
2
Calculate the greatest common factor of 155 and 899.
31
Calculate the highest common divisor of 8 and 336.
8
What is the highest common divisor of 25 and 10?
5
Calculate the greatest common factor of 2205 and 225.
45
What is the highest common factor of 6 and 6234?
6
Calculate the highest common divisor of 4480 and 70.
70
What is the highest common factor of 51 and 153?
51
Calculate the highest common divisor of 28 and 154.
14
Calculate the greatest common divisor of 31 and 1333.
31
What is the highest common factor of 32 and 984?
8
What is the highest common factor of 3753 and 278?
139
Calculate the greatest common divisor of 550 and 66.
22
What is the greatest common divisor of 276 and 3726?
138
What is the greatest common divisor of 120 and 72?
24
What is the highest common divisor of 1436 and 8?
4
Calculate the greatest common factor of 321 and 856.
107
What is the greatest common factor of 117 and 657?
9
What is the greatest common divisor of 154 and 42?
14
Calculate the highest common factor of 490 and 30.
10
Calculate the greatest common factor of 109 and 2943.
109
What is the greatest common factor of 1024 and 32?
32
What is the highest common factor of 79 and 1343?
79
What is the highest common divisor of 51 and 833?
17
What is the greatest common factor of 70 and 630?
70
Calculate the highest common factor of 1694 and 98.
14
What is the greatest common factor of 430 and 172?
86
Calculate the greatest common factor of 11 and 143.
11
Calculate the greatest common divisor of 97 and 18527.
97
What is the highest common factor of 28 and 182?
14
Calculate the greatest common factor of 44 and 32.
4
What is the highest common factor of 18 and 3186?
18
Calculate the highest common divisor of 64 and 560.
16
Calculate the highest common divisor of 52 and 16822.
26
Calculate the greatest common factor of 1054 and 3502.
34
What is the highest common factor of 6976 and 109?
109
What is the greatest common factor of 29 and 203?
29
What is the greatest common factor of 128 and 48?
16
What is the greatest common factor of 6884 and 4?
4
Calculate the highest common factor of 22 and 1034.
22
Calculate the highest common factor of 5301 and 57.
57
Calculate the greatest common divisor of 90 and 5715.
45
What is the greatest common factor of 6 and 150?
6
What is the greatest common factor of 660 and 39435?
165
What is the highest common factor of 63 and 459?
9
Calculate the greatest common factor of 635 and 5.
5
Calculate the highest common divisor of 333 and 9.
9
Calculate the highest common factor of 18 and 90.
18
What is the highest common divisor of 416 and 128?
32
Calculate the greatest common factor of 15 and 129.
3
Calculate the highest common divisor of 44588 and 142.
142
What is the greatest common factor of 240 and 1020?
60
What is the greatest common divisor of 2 and 277?
1
What is the greatest common divisor of 476 and 56?
28
What is the greatest common factor of 21 and 6?
3
What is the greatest common divisor of 4192 and 16?
16
What is the highest common divisor of 615 and 15?
15
What is the greatest common divisor of 4170 and 120?
30
Calculate the greatest common divisor of 4893 and 63.
21
What is the greatest common factor of 790 and 79?
79
Calculate the greatest common factor of 265 and 212.
53
Calculate the highest common factor of 238 and 42.
14
What is the greatest common factor of 30 and 36?
6
Calculate the highest common factor of 208 and 3263.
13
Calculate the highest common factor of 20 and 8.
4
Calculate the highest common factor of 70 and 910.
70
What is the highest common factor of 346 and 5017?
173
What is the highest common divisor of 51 and 4964?
17
Calculate the greatest common divisor of 15016 and 8.
8
What is the greatest common factor of 1095 and 120?
15
What is the greatest common divisor of 727 and 2?
1
What is the highest common divisor of 32 and 1744?
16
What is the highest common factor of 2367 and 9?
9
Calculate the highest common factor of 2223 and 15.
3
Calculate the highest common factor of 40552 and 74.
74
Calculate the highest common factor of 19 and 133.
19
Calculate the greatest common factor of 646 and 228.
38
Calculate the greatest common divisor of 115 and 23.
23
Calculate the highest common factor of 200 and 40.
40
Calculate the highest common divisor of 13 and 2.
1
What is the highest common divisor of 13050 and 45?
45
Calculate the greatest common divisor of 1 and 21.
1
Calculate the highest common factor of 272 and 34.
34
What is the greatest common divisor of 456 and 30?
6
Calculate the greatest common factor of 139 and 21823.
139
What is the highest common divisor of 1292 and 85?
17
What is the highest common divisor of 214 and 39911?
107
What is the highest common factor of 336 and 7?
7
Calculate the greatest common divisor of 22 and 1958.
22
Calculate the greatest common factor of 130 and 1630.
10
What is the highest common divisor of 25 and 1175?
25
What is the highest common divisor of 218 and 2?
2
Calculate the greatest common factor of 240 and 2230.
10
Calculate the highest common divisor of 43 and 129.
43
Calculate the highest common divisor of 132 and 3696.
132
What is the highest common factor of 12093 and 87?
87
What is the greatest common factor of 1334 and 138?
46
What is the highest common divisor of 62 and 4309?
31
What is the greatest common factor of 12 and 102?
6
What is the highest common divisor of 1614 and 6?
6
What is the greatest common divisor of 28 and 5677?
7
What is the highest common divisor of 114 and 2?
2
Calculate the highest common factor of 91 and 21.
7
Calculate the greatest common divisor of 54 and 6.
6
Calculate the greatest common divisor of 396 and 88.
44
Calculate the highest common divisor of 154 and 1463.
77
Calculate the greatest common divisor of 4521 and 11.
11
Calculate the highest common divisor of 21360 and 89.
89
Calculate the greatest common factor of 1394 and 136.
34
What is the highest common factor of 224 and 49?
7
Calculate the highest common factor of 85 and 3230.
85
Calculate the greatest common factor of 12 and 30.
6
Calculate the greatest common divisor of 36 and 2124.
36
What is the greatest common factor of 130 and 59410?
130
What is the highest common divisor of 60 and 4180?
20
What is the greatest common divisor of 1479 and 29?
29
What is the greatest common divisor of 171 and 76?
19
What is the greatest common divisor of 6300 and 15?
15
Calculate the highest common factor of 168 and 16968.
168
What is the highest common factor of 2573 and 83?
83
What is the highest common factor of 21 and 1281?
21
Calculate the highest common factor of 462 and 210.
42
What is the highest common divisor of 2108 and 1116?
124
What is the highest common divisor of 738 and 205?
41
Calculate the greatest common divisor of 455 and 175.
35
Calculate the highest common divisor of 220 and 980.
20
What is the highest common factor of 94 and 4512?
94
What is the highest common divisor of 247 and 39?
13
What is the greatest common factor of 85 and 85?
85
Calculate the highest common divisor of 3596 and 31.
31
What is the greatest common divisor of 128 and 80?
16
Calculate the greatest common factor of 53 and 689.
53
Calculate the greatest common divisor of 1073 and 481.
37
Calculate the highest common factor of 663 and 4233.
51
Calculate the greatest common divisor of 513 and 18.
9
What is the highest common divisor of 50 and 2930?
10
Calculate the greatest common divisor of 35 and 23